{"id":15525,"date":"2024-04-28T14:47:14","date_gmt":"2024-04-28T12:47:14","guid":{"rendered":"https:\/\/mediation-wittmann.de\/?page_id=15525"},"modified":"2025-08-11T15:59:28","modified_gmt":"2025-08-11T13:59:28","slug":"mediation","status":"publish","type":"page","link":"https:\/\/mediation-wittmann.de\/index.php\/mediation\/","title":{"rendered":"Mediation"},"content":{"rendered":"\t\t<div data-elementor-type=\"wp-page\" data-elementor-id=\"15525\" class=\"elementor elementor-15525\">\n\t\t\t\t<div class=\"elementor-element elementor-element-6603a93 e-flex e-con-boxed e-con e-parent\" data-id=\"6603a93\" data-element_type=\"container\">\n\t\t\t\t\t<div class=\"e-con-inner\">\n\t\t\t\t<div class=\"elementor-element elementor-element-e351b08 elementor-widget elementor-widget-heading\" data-id=\"e351b08\" data-element_type=\"widget\" data-widget_type=\"heading.default\">\n\t\t\t\t<div class=\"elementor-widget-container\">\n\t\t\t\t\t<h2 class=\"elementor-heading-title elementor-size-default\">WAS IST MEDIATION<\/h2>\t\t\t\t<\/div>\n\t\t\t\t<\/div>\n\t\t\t\t<div class=\"elementor-element elementor-element-28411ff elementor-widget-divider--view-line elementor-widget elementor-widget-divider\" data-id=\"28411ff\" data-element_type=\"widget\" data-widget_type=\"divider.default\">\n\t\t\t\t<div class=\"elementor-widget-container\">\n\t\t\t\t\t\t\t<div class=\"elementor-divider\">\n\t\t\t<span class=\"elementor-divider-separator\">\n\t\t\t\t\t\t<\/span>\n\t\t<\/div>\n\t\t\t\t\t\t<\/div>\n\t\t\t\t<\/div>\n\t\t\t\t<div class=\"elementor-element elementor-element-486819c elementor-widget elementor-widget-text-editor\" data-id=\"486819c\" data-element_type=\"widget\" data-widget_type=\"text-editor.default\">\n\t\t\t\t<div class=\"elementor-widget-container\">\n\t\t\t\t\t\t\t\t\t<p>Mediation ist ein vertrauliches und strukturiertes Verfahren, bei dem Parteien mithilfe eines Mediators freiwillig und eigenverantwortlich eine einvernehmliche Beilegung ihres Konflikts anstreben (\u00a71 Abs. 1 MediationsG). Sie ist ein Weg, eine individuelle auf die Bed\u00fcrfnisse der Beteiligten zugeschnittene L\u00f6sung zu finden. Im Mediationsverfahren werden die Parteien dabei unterst\u00fctzt, in einen konstruktiven und kooperativen Konfliktl\u00f6sungsprozess zu kommen um ein interessen- und zukunftsorientiertes Ergebnis erarbeiten zu k\u00f6nnen. Anders als bei einer Delegation an Anw\u00e4lte bleiben die Beteiligten eigenverantwortlich und haben die Chance in den Dialog zu gehen und im g\u00fcnstigsten Fall eine L\u00f6sung zu finden, welche von beiden Seiten gut gehei\u00dfen wird. Das Ziel einer Mediation ist eine schriftliche Einigung, die von den Konfliktparteien unterzeichnet und dann umgesetzt wird.Hintergrund ist, dass sich herausgestellt hat, dass selbstentwickelte L\u00f6sungen immer am tragf\u00e4higsten sind.<\/p><p><strong>Meist steht am Ende des Verfahrens zwar kein \u201aHurra\u2019, aber immerhin ein \u201aOk\u2019 f\u00fcr alle Beteiligten.<\/strong><\/p>\t\t\t\t\t\t\t\t<\/div>\n\t\t\t\t<\/div>\n\t\t\t\t<div class=\"elementor-element elementor-element-437488d elementor-widget-divider--view-line elementor-widget elementor-widget-divider\" data-id=\"437488d\" data-element_type=\"widget\" data-widget_type=\"divider.default\">\n\t\t\t\t<div class=\"elementor-widget-container\">\n\t\t\t\t\t\t\t<div class=\"elementor-divider\">\n\t\t\t<span class=\"elementor-divider-separator\">\n\t\t\t\t\t\t<\/span>\n\t\t<\/div>\n\t\t\t\t\t\t<\/div>\n\t\t\t\t<\/div>\n\t\t\t\t\t<\/div>\n\t\t\t\t<\/div>\n\t\t<div class=\"elementor-element elementor-element-8cdd7f5 e-flex e-con-boxed e-con e-parent\" data-id=\"8cdd7f5\" data-element_type=\"container\">\n\t\t\t\t\t<div class=\"e-con-inner\">\n\t\t\t\t<div class=\"elementor-element elementor-element-a384ae7 elementor-widget elementor-widget-heading\" data-id=\"a384ae7\" data-element_type=\"widget\" data-widget_type=\"heading.default\">\n\t\t\t\t<div class=\"elementor-widget-container\">\n\t\t\t\t\t<h2 class=\"elementor-heading-title elementor-size-default\">MEDIATIONSARTEN<\/h2>\t\t\t\t<\/div>\n\t\t\t\t<\/div>\n\t\t\t\t<div class=\"elementor-element elementor-element-f22287f elementor-widget-divider--view-line elementor-widget elementor-widget-divider\" data-id=\"f22287f\" data-element_type=\"widget\" data-widget_type=\"divider.default\">\n\t\t\t\t<div class=\"elementor-widget-container\">\n\t\t\t\t\t\t\t<div class=\"elementor-divider\">\n\t\t\t<span class=\"elementor-divider-separator\">\n\t\t\t\t\t\t<\/span>\n\t\t<\/div>\n\t\t\t\t\t\t<\/div>\n\t\t\t\t<\/div>\n\t\t<div class=\"elementor-element elementor-element-7fd7dfe e-flex e-con-boxed e-con e-child\" data-id=\"7fd7dfe\" data-element_type=\"container\">\n\t\t\t\t\t<div class=\"e-con-inner\">\n\t\t\t\t<div class=\"elementor-element elementor-element-09680f5 elementor-widget elementor-widget-text-editor\" data-id=\"09680f5\" data-element_type=\"widget\" data-widget_type=\"text-editor.default\">\n\t\t\t\t<div class=\"elementor-widget-container\">\n\t\t\t\t\t\t\t\t\t<p><strong>FAMILIENMEDIATION<\/strong><\/p><p><strong>&gt;<\/strong> Trennungs-\/Scheidungsmediation<\/p><p><strong>&gt;<\/strong> Jugendlichen-\/Elternmediation<\/p><p><strong>&gt;<\/strong> Geschwistermediation<\/p><p><strong>&gt;<\/strong> Ambivalenzmediation<\/p><p><strong>&gt;<\/strong> Erbschaftsmediation<\/p>\t\t\t\t\t\t\t\t<\/div>\n\t\t\t\t<\/div>\n\t\t\t\t<div class=\"elementor-element elementor-element-753d173 elementor-widget elementor-widget-text-editor\" data-id=\"753d173\" data-element_type=\"widget\" data-widget_type=\"text-editor.default\">\n\t\t\t\t<div class=\"elementor-widget-container\">\n\t\t\t\t\t\t\t\t\t<p><strong>WIRTSCHAFTS-\/PRAXISMEDIATION<\/strong><\/p><p><strong>&gt;\u00a0<\/strong>Mitarbeiter-Mitarbeiter<\/p><p><strong>&gt;\u00a0<\/strong>Mitarbeiter-Vorgesetzte<\/p><p><strong>&gt;\u00a0<\/strong>Zwischen Firmen<\/p><p><strong>&gt;\u00a0<\/strong>Zwischen freiberuflich T\u00e4tigen<\/p><p><strong>&gt;\u00a0<\/strong>Auftragnehmer-Auftraggeber<\/p><p><strong>&gt;\u00a0<\/strong>Patient-Arzt<\/p>\t\t\t\t\t\t\t\t<\/div>\n\t\t\t\t<\/div>\n\t\t\t\t<div class=\"elementor-element elementor-element-895887c elementor-widget elementor-widget-text-editor\" data-id=\"895887c\" data-element_type=\"widget\" data-widget_type=\"text-editor.default\">\n\t\t\t\t<div class=\"elementor-widget-container\">\n\t\t\t\t\t\t\t\t\t<p><strong>SCHULMEDIATION<\/strong><\/p><p><strong>&gt;\u00a0<\/strong>Schulleitung- Elternvertretung<\/p><p><strong>&gt;\u00a0<\/strong>Lehrer-Eltern<\/p><p><strong>&gt;\u00a0<\/strong>Sch\u00fcler-Lehrer<\/p>\t\t\t\t\t\t\t\t<\/div>\n\t\t\t\t<\/div>\n\t\t\t\t\t<\/div>\n\t\t\t\t<\/div>\n\t\t\t\t<div class=\"elementor-element elementor-element-5771deb elementor-widget-divider--view-line elementor-widget elementor-widget-divider\" data-id=\"5771deb\" data-element_type=\"widget\" data-widget_type=\"divider.default\">\n\t\t\t\t<div class=\"elementor-widget-container\">\n\t\t\t\t\t\t\t<div class=\"elementor-divider\">\n\t\t\t<span class=\"elementor-divider-separator\">\n\t\t\t\t\t\t<\/span>\n\t\t<\/div>\n\t\t\t\t\t\t<\/div>\n\t\t\t\t<\/div>\n\t\t\t\t\t<\/div>\n\t\t\t\t<\/div>\n\t\t<div class=\"elementor-element elementor-element-49b0d1e e-flex e-con-boxed e-con e-parent\" data-id=\"49b0d1e\" data-element_type=\"container\">\n\t\t\t\t\t<div class=\"e-con-inner\">\n\t\t\t\t<div class=\"elementor-element elementor-element-c8c6f3f elementor-widget elementor-widget-heading\" data-id=\"c8c6f3f\" data-element_type=\"widget\" data-widget_type=\"heading.default\">\n\t\t\t\t<div class=\"elementor-widget-container\">\n\t\t\t\t\t<h2 class=\"elementor-heading-title elementor-size-default\">ROLLE DES MEDIATORS<\/h2>\t\t\t\t<\/div>\n\t\t\t\t<\/div>\n\t\t\t\t<div class=\"elementor-element elementor-element-1e1b5cf elementor-widget-divider--view-line elementor-widget elementor-widget-divider\" data-id=\"1e1b5cf\" data-element_type=\"widget\" data-widget_type=\"divider.default\">\n\t\t\t\t<div class=\"elementor-widget-container\">\n\t\t\t\t\t\t\t<div class=\"elementor-divider\">\n\t\t\t<span class=\"elementor-divider-separator\">\n\t\t\t\t\t\t<\/span>\n\t\t<\/div>\n\t\t\t\t\t\t<\/div>\n\t\t\t\t<\/div>\n\t\t\t\t<div class=\"elementor-element elementor-element-56d899d elementor-widget elementor-widget-text-editor\" data-id=\"56d899d\" data-element_type=\"widget\" data-widget_type=\"text-editor.default\">\n\t\t\t\t<div class=\"elementor-widget-container\">\n\t\t\t\t\t\t\t\t\t<p><strong>Ein Mediator ist eine unabh\u00e4ngige und neutrale Person ohne Entscheidungsbefugnis, der die Parteien durch die Mediation f\u00fchrt (\u00a71 Abs. 2 MediationsG).<\/strong><\/p><p>Er hilft den Konfliktparteien eine einvernehmliche L\u00f6sung f\u00fcr ihre Probleme zu finden, indem er sich die Anliegen aller Beteiligten anh\u00f6rt und bei der Kl\u00e4rung der Interessen hilft. So unterst\u00fctzt er die Parteien dabei, in einen konstruktiven L\u00f6sungsprozess zu kommen. Dabei unterbreitet er selbst keine Vorschl\u00e4ge und bewertet auch nicht. Vielmehr ist es sein Ziel, den Klienten dabei zu helfen ihre Kommunikation untereinander zu ver\u00e4ndern bzw. zu verbessern. Im\u00a0 Gegensatz zur anwaltschaftlichen Vertretung f\u00f6rdert und achtet der Mediator die Autonomie und Eigenverantwortlichkeit der Verhandlungspartner.\u00a0 Er hat kein eigenes Interesse an einer bestimmten L\u00f6sung, sondern unterst\u00fctzt die unterschiedlichen Wirklichkeiten (Sichtweisen) seiner Klienten. Mediatoren sind immer allparteilich und nach dem Mediationsgesetz zur Verschwiegenheit verpflichtet.<\/p>\t\t\t\t\t\t\t\t<\/div>\n\t\t\t\t<\/div>\n\t\t\t\t<div class=\"elementor-element elementor-element-c1e4574 elementor-widget-divider--view-line elementor-widget elementor-widget-divider\" data-id=\"c1e4574\" data-element_type=\"widget\" data-widget_type=\"divider.default\">\n\t\t\t\t<div class=\"elementor-widget-container\">\n\t\t\t\t\t\t\t<div class=\"elementor-divider\">\n\t\t\t<span class=\"elementor-divider-separator\">\n\t\t\t\t\t\t<\/span>\n\t\t<\/div>\n\t\t\t\t\t\t<\/div>\n\t\t\t\t<\/div>\n\t\t\t\t\t<\/div>\n\t\t\t\t<\/div>\n\t\t<div class=\"elementor-element elementor-element-71094bf e-flex e-con-boxed e-con e-parent\" data-id=\"71094bf\" data-element_type=\"container\">\n\t\t\t\t\t<div class=\"e-con-inner\">\n\t\t\t\t<div class=\"elementor-element elementor-element-e78e485 elementor-widget elementor-widget-heading\" data-id=\"e78e485\" data-element_type=\"widget\" data-widget_type=\"heading.default\">\n\t\t\t\t<div class=\"elementor-widget-container\">\n\t\t\t\t\t<h2 class=\"elementor-heading-title elementor-size-default\">VORTEILE EINER MEDIATION<\/h2>\t\t\t\t<\/div>\n\t\t\t\t<\/div>\n\t\t\t\t<div class=\"elementor-element elementor-element-73a8fa0 elementor-widget-divider--view-line elementor-widget elementor-widget-divider\" data-id=\"73a8fa0\" data-element_type=\"widget\" data-widget_type=\"divider.default\">\n\t\t\t\t<div class=\"elementor-widget-container\">\n\t\t\t\t\t\t\t<div class=\"elementor-divider\">\n\t\t\t<span class=\"elementor-divider-separator\">\n\t\t\t\t\t\t<\/span>\n\t\t<\/div>\n\t\t\t\t\t\t<\/div>\n\t\t\t\t<\/div>\n\t\t\t\t<div class=\"elementor-element elementor-element-dbb71a4 elementor-widget elementor-widget-text-editor\" data-id=\"dbb71a4\" data-element_type=\"widget\" data-widget_type=\"text-editor.default\">\n\t\t\t\t<div class=\"elementor-widget-container\">\n\t\t\t\t\t\t\t\t\t<p><strong>\u201aH\u00f6re immer erst beide Seiten einer Geschichte!\u2019<\/strong><\/p><p>In einem Mediationsverfahren kommen immer die Sichtweisen <strong>aller<\/strong> beteiligten Parteien zur Sprache. Das nicht erst dann, wenn die Fronten bereits verh\u00e4rtet sind und damit eine friedliche L\u00f6sung (beinahe) unm\u00f6glich geworden ist. Mediation leitet sich vom lateinischen \u201amediare\u2019 =vermitteln ab. In diesem Verfahren geht es um das gemeinsame und vor allem friedliche Gestalten von L\u00f6sungsans\u00e4tzen. Im Gegensatz zum streitigen Verfahren sprechen hier die Beteiligten selbst und es geht um ein \u201aVerstehen\u2019, nicht um den \u201aKampf\u2019. Somit wirkt dieses Verfahren deeskalierend und das Ringen um eine f\u00fcr alle beste L\u00f6sung kann gelingen. Vor Gericht gibt es meist einen Gewinner und einen Verlierer. Mediation steht nicht f\u00fcr Egoismus, sondern f\u00fcr Empathie, Konsens und Akzeptanz. Bei einer L\u00f6sung werden immer Interessen wie z.B. Gerechtigkeit, Fairness, \u00f6konomische Sinnhaftigkeit, moralische Standards und die Konsequenzen f\u00fcr das Familiensystem ber\u00fccksichtigt.<\/p>\t\t\t\t\t\t\t\t<\/div>\n\t\t\t\t<\/div>\n\t\t\t\t<div class=\"elementor-element elementor-element-694ebc4 elementor-widget-divider--view-line elementor-widget elementor-widget-divider\" data-id=\"694ebc4\" data-element_type=\"widget\" data-widget_type=\"divider.default\">\n\t\t\t\t<div class=\"elementor-widget-container\">\n\t\t\t\t\t\t\t<div class=\"elementor-divider\">\n\t\t\t<span class=\"elementor-divider-separator\">\n\t\t\t\t\t\t<\/span>\n\t\t<\/div>\n\t\t\t\t\t\t<\/div>\n\t\t\t\t<\/div>\n\t\t\t\t\t<\/div>\n\t\t\t\t<\/div>\n\t\t<div class=\"elementor-element elementor-element-dc4eef4 e-flex e-con-boxed e-con e-parent\" data-id=\"dc4eef4\" data-element_type=\"container\">\n\t\t\t\t\t<div class=\"e-con-inner\">\n\t\t\t\t<div class=\"elementor-element elementor-element-7f3cbc2 elementor-widget elementor-widget-text-editor\" data-id=\"7f3cbc2\" data-element_type=\"widget\" data-widget_type=\"text-editor.default\">\n\t\t\t\t<div class=\"elementor-widget-container\">\n\t\t\t\t\t\t\t\t\t<p>KONTAKT<\/p><p><a href=\"tel:08989084915\">+49 (0)89 \u2013 89 08 49 15 \/ <\/a><a href=\"mailto:contact@mediation-wittmann.de\">CONTACT@MEDIATION-WITTMANN.DE<\/a><\/p><p><a href=\"https:\/\/www.google.com\/maps\/place\/Volkartstra\u00dfe+30,+80634+M\u00fcnchen\/@48.1559119,11.5356165,21z\/data=!4m6!3m5!1s0x479e76147b4a614d:0x9b7d01aec6342ceb!8m2!3d48.1559622!4d11.5357529!16s%2Fg%2F11c22wd5tg?entry=ttu\" target=\"_blank\" rel=\"noopener\">VOLKARTSTRASSE 30 \/ 80634 M\u00dcNCHEN<\/a><\/p>\t\t\t\t\t\t\t\t<\/div>\n\t\t\t\t<\/div>\n\t\t\t\t<div class=\"elementor-element elementor-element-3b8ee26 elementor-widget-divider--view-line elementor-widget elementor-widget-divider\" data-id=\"3b8ee26\" data-element_type=\"widget\" data-widget_type=\"divider.default\">\n\t\t\t\t<div class=\"elementor-widget-container\">\n\t\t\t\t\t\t\t<div class=\"elementor-divider\">\n\t\t\t<span class=\"elementor-divider-separator\">\n\t\t\t\t\t\t<\/span>\n\t\t<\/div>\n\t\t\t\t\t\t<\/div>\n\t\t\t\t<\/div>\n\t\t\t\t\t<\/div>\n\t\t\t\t<\/div>\n\t\t\t\t<\/div>\n\t\t","protected":false},"excerpt":{"rendered":"<p>WAS IST MEDIATION Mediation ist ein vertrauliches und strukturiertes Verfahren, bei dem Parteien mithilfe eines Mediators freiwillig und eigenverantwortlich eine [&hellip;]<\/p>\n","protected":false},"author":4,"featured_media":0,"parent":0,"menu_order":1,"comment_status":"closed","ping_status":"closed","template":"elementor_header_footer","meta":{"site-sidebar-layout":"no-sidebar","site-content-layout":"","ast-site-content-layout":"full-width-container","site-content-style":"default","site-sidebar-style":"default","ast-global-header-display":"","ast-banner-title-visibility":"","ast-main-header-display":"","ast-hfb-above-header-display":"","ast-hfb-below-header-display":"","ast-hfb-mobile-header-display":"","site-post-title":"disabled","ast-breadcrumbs-content":"","ast-featured-img":"disabled","footer-sml-layout":"","theme-transparent-header-meta":"","adv-header-id-meta":"","stick-header-meta":"","header-above-stick-meta":"","header-main-stick-meta":"","header-below-stick-meta":"","astra-migrate-meta-layouts":"default","ast-page-background-enabled":"default","ast-page-background-meta":{"desktop":{"background-color":"var(--ast-global-color-4)","background-image":"","background-repeat":"repeat","background-position":"center center","background-size":"auto","background-attachment":"scroll","background-type":"","background-media":"","overlay-type":"","overlay-color":"","overlay-gradient":""},"tablet":{"background-color":"","background-image":"","background-repeat":"repeat","background-position":"center center","background-size":"auto","background-attachment":"scroll","background-type":"","background-media":"","overlay-type":"","overlay-color":"","overlay-gradient":""},"mobile":{"background-color":"","background-image":"","background-repeat":"repeat","background-position":"center center","background-size":"auto","background-attachment":"scroll","background-type":"","background-media":"","overlay-type":"","overlay-color":"","overlay-gradient":""}},"ast-content-background-meta":{"desktop":{"background-color":"var(--ast-global-color-5)","background-image":"","background-repeat":"repeat","background-position":"center center","background-size":"auto","background-attachment":"scroll","background-type":"","background-media":"","overlay-type":"","overlay-color":"","overlay-gradient":""},"tablet":{"background-color":"var(--ast-global-color-5)","background-image":"","background-repeat":"repeat","background-position":"center center","background-size":"auto","background-attachment":"scroll","background-type":"","background-media":"","overlay-type":"","overlay-color":"","overlay-gradient":""},"mobile":{"background-color":"var(--ast-global-color-5)","background-image":"","background-repeat":"repeat","background-position":"center center","background-size":"auto","background-attachment":"scroll","background-type":"","background-media":"","overlay-type":"","overlay-color":"","overlay-gradient":""}},"footnotes":""},"aioseo_notices":[],"_links":{"self":[{"href":"https:\/\/mediation-wittmann.de\/index.php\/wp-json\/wp\/v2\/pages\/15525"}],"collection":[{"href":"https:\/\/mediation-wittmann.de\/index.php\/wp-json\/wp\/v2\/pages"}],"about":[{"href":"https:\/\/mediation-wittmann.de\/index.php\/wp-json\/wp\/v2\/types\/page"}],"author":[{"embeddable":true,"href":"https:\/\/mediation-wittmann.de\/index.php\/wp-json\/wp\/v2\/users\/4"}],"replies":[{"embeddable":true,"href":"https:\/\/mediation-wittmann.de\/index.php\/wp-json\/wp\/v2\/comments?post=15525"}],"version-history":[{"count":16,"href":"https:\/\/mediation-wittmann.de\/index.php\/wp-json\/wp\/v2\/pages\/15525\/revisions"}],"predecessor-version":[{"id":15618,"href":"https:\/\/mediation-wittmann.de\/index.php\/wp-json\/wp\/v2\/pages\/15525\/revisions\/15618"}],"wp:attachment":[{"href":"https:\/\/mediation-wittmann.de\/index.php\/wp-json\/wp\/v2\/media?parent=15525"}],"curies":[{"name":"wp","href":"https:\/\/api.w.org\/{rel}","templated":true}]}}