{"id":15528,"date":"2024-04-28T14:49:07","date_gmt":"2024-04-28T12:49:07","guid":{"rendered":"https:\/\/mediation-wittmann.de\/?page_id=15528"},"modified":"2025-08-11T16:00:58","modified_gmt":"2025-08-11T14:00:58","slug":"dauer-und-kosten","status":"publish","type":"page","link":"https:\/\/mediation-wittmann.de\/index.php\/dauer-und-kosten\/","title":{"rendered":"Dauer und Kosten"},"content":{"rendered":"\t\t<div data-elementor-type=\"wp-page\" data-elementor-id=\"15528\" class=\"elementor elementor-15528\">\n\t\t\t\t<div class=\"elementor-element elementor-element-e1870d1 e-flex e-con-boxed e-con e-parent\" data-id=\"e1870d1\" data-element_type=\"container\">\n\t\t\t\t\t<div class=\"e-con-inner\">\n\t\t\t\t<div class=\"elementor-element elementor-element-c1efc37 elementor-widget elementor-widget-heading\" data-id=\"c1efc37\" data-element_type=\"widget\" data-widget_type=\"heading.default\">\n\t\t\t\t<div class=\"elementor-widget-container\">\n\t\t\t\t\t<h2 class=\"elementor-heading-title elementor-size-default\">DAUER &amp; KOSTEN<\/h2>\t\t\t\t<\/div>\n\t\t\t\t<\/div>\n\t\t\t\t<div class=\"elementor-element elementor-element-1faf5ff elementor-widget-divider--view-line elementor-widget elementor-widget-divider\" data-id=\"1faf5ff\" data-element_type=\"widget\" data-widget_type=\"divider.default\">\n\t\t\t\t<div class=\"elementor-widget-container\">\n\t\t\t\t\t\t\t<div class=\"elementor-divider\">\n\t\t\t<span class=\"elementor-divider-separator\">\n\t\t\t\t\t\t<\/span>\n\t\t<\/div>\n\t\t\t\t\t\t<\/div>\n\t\t\t\t<\/div>\n\t\t\t\t<div class=\"elementor-element elementor-element-441ac8c elementor-widget elementor-widget-text-editor\" data-id=\"441ac8c\" data-element_type=\"widget\" data-widget_type=\"text-editor.default\">\n\t\t\t\t<div class=\"elementor-widget-container\">\n\t\t\t\t\t\t\t\t\t<p>Zwar k\u00f6nnen Mediationsverfahren grunds\u00e4tzlich schnell begonnen und damit zeitnah ein Konsens angestrebt werden, aber auch hier sollten L\u00f6sungen wohl \u00fcberlegt sein und nicht \u00fcberst\u00fcrzt entschieden werden. Die Dauer einer Mediation richtet sich daher nach der Art und dem Umfang eines Konflikts. In einigen F\u00e4llen ist eine Kurzmediation von wenigen Stunden vollkommen ausreichend, in anderen F\u00e4llen bedarf es mehrerer Sitzungen. F\u00fcr eine Mediationssitzung werden in der Regel 1 \u00bd \u2013 2 Stunden angesetzt.<\/p><p>Das telefonische Erstgespr\u00e4ch zur Information \u00fcber das Verfahren und zur Abkl\u00e4rung der n\u00e4chsten Schritte biete ich kostenfrei an.<\/p><p>Bitte beachten Sie, dass ich zur Wahrung der Neutralit\u00e4t bzw. aus Gr\u00fcnden der Allparteilichkeit w\u00e4hrend eines Mediationsmandats keine Einzelgespr\u00e4che mit einer der Parteien f\u00fchren kann.<\/p><p><strong>Die Kosten sind abh\u00e4ngig vom Feld der Mediationsarbeit und werden pro Zeitstunde abgerechnet. Eine Wirtschafts-\/Praxismediation ist z.B. aufwendiger und damit kostenintensiver als ein Konflikt im famili\u00e4ren oder schulischen Umfeld. Nachdem die Verfahrensdauer bei einer gerichtlichen Auseinandersetzung langfristiger ist, wird mit einer Mediation sicherlich der kosteng\u00fcnstigere Weg beschritten.<\/strong><\/p>\t\t\t\t\t\t\t\t<\/div>\n\t\t\t\t<\/div>\n\t\t\t\t\t<\/div>\n\t\t\t\t<\/div>\n\t\t<div class=\"elementor-element elementor-element-6e90454 e-flex e-con-boxed e-con e-parent\" data-id=\"6e90454\" data-element_type=\"container\">\n\t\t\t\t\t<div class=\"e-con-inner\">\n\t\t<a class=\"eael-wrapper-link-e1153dd --eael-wrapper-link-tag\" href=\"https:\/\/mediation-wittmann.de\/index.php\/mediation\/\"><\/a><div data-eael-wrapper-link=\"eael-wrapper-link-e1153dd\" class=\"elementor-element elementor-element-e1153dd e-con-full e-flex e-con e-child\" data-id=\"e1153dd\" data-element_type=\"container\" data-settings=\"{&quot;background_background&quot;:&quot;classic&quot;}\">\n\t\t\t\t<div class=\"elementor-element elementor-element-d1aff98 elementor-widget elementor-widget-heading\" data-id=\"d1aff98\" data-element_type=\"widget\" data-widget_type=\"heading.default\">\n\t\t\t\t<div class=\"elementor-widget-container\">\n\t\t\t\t\t<h2 class=\"elementor-heading-title elementor-size-default\"><a href=\"https:\/\/mediation-wittmann.de\/index.php\/mediation\/\">Was ist Mediation<\/a><\/h2>\t\t\t\t<\/div>\n\t\t\t\t<\/div>\n\t\t\t\t<\/div>\n\t\t<a class=\"eael-wrapper-link-5cf851a --eael-wrapper-link-tag\" href=\"https:\/\/mediation-wittmann.de\/index.php\/mediation\/\"><\/a><div data-eael-wrapper-link=\"eael-wrapper-link-5cf851a\" class=\"elementor-element elementor-element-5cf851a e-con-full e-flex e-con e-child\" data-id=\"5cf851a\" data-element_type=\"container\" data-settings=\"{&quot;background_background&quot;:&quot;classic&quot;}\">\n\t\t\t\t<div class=\"elementor-element elementor-element-b14512a elementor-widget elementor-widget-heading\" data-id=\"b14512a\" data-element_type=\"widget\" data-widget_type=\"heading.default\">\n\t\t\t\t<div class=\"elementor-widget-container\">\n\t\t\t\t\t<h2 class=\"elementor-heading-title elementor-size-default\"><a href=\"https:\/\/mediation-wittmann.de\/index.php\/mediation\/\">Mediationsarten<\/a><\/h2>\t\t\t\t<\/div>\n\t\t\t\t<\/div>\n\t\t\t\t<\/div>\n\t\t<a class=\"eael-wrapper-link-eba466b --eael-wrapper-link-tag\" href=\"https:\/\/mediation-wittmann.de\/index.php\/ueber-mich-2\/\"><\/a><div data-eael-wrapper-link=\"eael-wrapper-link-eba466b\" class=\"elementor-element elementor-element-eba466b e-con-full e-flex e-con e-child\" data-id=\"eba466b\" data-element_type=\"container\" data-settings=\"{&quot;background_background&quot;:&quot;classic&quot;}\">\n\t\t\t\t<div class=\"elementor-element elementor-element-c661c53 elementor-widget elementor-widget-heading\" data-id=\"c661c53\" data-element_type=\"widget\" data-widget_type=\"heading.default\">\n\t\t\t\t<div class=\"elementor-widget-container\">\n\t\t\t\t\t<h2 class=\"elementor-heading-title elementor-size-default\"><a href=\"https:\/\/mediation-wittmann.de\/index.php\/ueber-mich-2\/\">\u00dcber mich<\/a><\/h2>\t\t\t\t<\/div>\n\t\t\t\t<\/div>\n\t\t\t\t<\/div>\n\t\t<a class=\"eael-wrapper-link-b35f632 --eael-wrapper-link-tag\" href=\"https:\/\/mediation-wittmann.de\/index.php\/mediation\/\"><\/a><div data-eael-wrapper-link=\"eael-wrapper-link-b35f632\" class=\"elementor-element elementor-element-b35f632 e-con-full e-flex e-con e-child\" data-id=\"b35f632\" data-element_type=\"container\" data-settings=\"{&quot;background_background&quot;:&quot;classic&quot;}\">\n\t\t\t\t<div class=\"elementor-element elementor-element-34f08cb elementor-widget elementor-widget-heading\" data-id=\"34f08cb\" data-element_type=\"widget\" data-widget_type=\"heading.default\">\n\t\t\t\t<div class=\"elementor-widget-container\">\n\t\t\t\t\t<h2 class=\"elementor-heading-title elementor-size-default\"><a href=\"https:\/\/mediation-wittmann.de\/index.php\/mediation\/\">Vorteile einer Mediation<\/a><\/h2>\t\t\t\t<\/div>\n\t\t\t\t<\/div>\n\t\t\t\t<\/div>\n\t\t<a class=\"eael-wrapper-link-2b27950 --eael-wrapper-link-tag\" href=\"https:\/\/mediation-wittmann.de\/index.php\/mediation\/\"><\/a><div data-eael-wrapper-link=\"eael-wrapper-link-2b27950\" class=\"elementor-element elementor-element-2b27950 e-con-full e-flex e-con e-child\" data-id=\"2b27950\" data-element_type=\"container\" data-settings=\"{&quot;background_background&quot;:&quot;classic&quot;}\">\n\t\t\t\t<div class=\"elementor-element elementor-element-62f3437 elementor-widget elementor-widget-heading\" data-id=\"62f3437\" data-element_type=\"widget\" data-widget_type=\"heading.default\">\n\t\t\t\t<div class=\"elementor-widget-container\">\n\t\t\t\t\t<h2 class=\"elementor-heading-title elementor-size-default\"><a href=\"https:\/\/mediation-wittmann.de\/index.php\/mediation\/\">Rolle des Mediators<\/a><\/h2>\t\t\t\t<\/div>\n\t\t\t\t<\/div>\n\t\t\t\t<\/div>\n\t\t\t\t\t<\/div>\n\t\t\t\t<\/div>\n\t\t<div class=\"elementor-element elementor-element-99fc735 e-flex e-con-boxed e-con e-parent\" data-id=\"99fc735\" data-element_type=\"container\">\n\t\t\t\t\t<div class=\"e-con-inner\">\n\t\t\t\t<div class=\"elementor-element elementor-element-93becda elementor-widget elementor-widget-text-editor\" data-id=\"93becda\" data-element_type=\"widget\" data-widget_type=\"text-editor.default\">\n\t\t\t\t<div class=\"elementor-widget-container\">\n\t\t\t\t\t\t\t\t\t<p>KONTAKT<\/p><p><a href=\"tel:08989084915\">+49 (0)89 \u2013 89 08 49 15 \/ <\/a><a href=\"mailto:contact@mediation-wittmann.de\">CONTACT@MEDIATION-WITTMANN.DE<\/a><\/p><p><a href=\"https:\/\/www.google.com\/maps\/place\/Volkartstra\u00dfe+30,+80634+M\u00fcnchen\/@48.1559119,11.5356165,21z\/data=!4m6!3m5!1s0x479e76147b4a614d:0x9b7d01aec6342ceb!8m2!3d48.1559622!4d11.5357529!16s%2Fg%2F11c22wd5tg?entry=ttu\" target=\"_blank\" rel=\"noopener\">VOLKARTSTRASSE 30 \/ 80634 M\u00dcNCHEN<\/a><\/p>\t\t\t\t\t\t\t\t<\/div>\n\t\t\t\t<\/div>\n\t\t\t\t<div class=\"elementor-element elementor-element-7554059 elementor-widget-divider--view-line elementor-widget elementor-widget-divider\" data-id=\"7554059\" data-element_type=\"widget\" data-widget_type=\"divider.default\">\n\t\t\t\t<div class=\"elementor-widget-container\">\n\t\t\t\t\t\t\t<div class=\"elementor-divider\">\n\t\t\t<span class=\"elementor-divider-separator\">\n\t\t\t\t\t\t<\/span>\n\t\t<\/div>\n\t\t\t\t\t\t<\/div>\n\t\t\t\t<\/div>\n\t\t\t\t\t<\/div>\n\t\t\t\t<\/div>\n\t\t\t\t<\/div>\n\t\t","protected":false},"excerpt":{"rendered":"<p>DAUER &amp; KOSTEN Zwar k\u00f6nnen Mediationsverfahren grunds\u00e4tzlich schnell begonnen und damit zeitnah ein Konsens angestrebt werden, aber auch hier sollten [&hellip;]<\/p>\n","protected":false},"author":4,"featured_media":0,"parent":0,"menu_order":3,"comment_status":"closed","ping_status":"closed","template":"elementor_header_footer","meta":{"site-sidebar-layout":"no-sidebar","site-content-layout":"","ast-site-content-layout":"full-width-container","site-content-style":"default","site-sidebar-style":"default","ast-global-header-display":"","ast-banner-title-visibility":"","ast-main-header-display":"","ast-hfb-above-header-display":"","ast-hfb-below-header-display":"","ast-hfb-mobile-header-display":"","site-post-title":"disabled","ast-breadcrumbs-content":"","ast-featured-img":"disabled","footer-sml-layout":"","theme-transparent-header-meta":"","adv-header-id-meta":"","stick-header-meta":"","header-above-stick-meta":"","header-main-stick-meta":"","header-below-stick-meta":"","astra-migrate-meta-layouts":"default","ast-page-background-enabled":"default","ast-page-background-meta":{"desktop":{"background-color":"var(--ast-global-color-4)","background-image":"","background-repeat":"repeat","background-position":"center center","background-size":"auto","background-attachment":"scroll","background-type":"","background-media":"","overlay-type":"","overlay-color":"","overlay-gradient":""},"tablet":{"background-color":"","background-image":"","background-repeat":"repeat","background-position":"center center","background-size":"auto","background-attachment":"scroll","background-type":"","background-media":"","overlay-type":"","overlay-color":"","overlay-gradient":""},"mobile":{"background-color":"","background-image":"","background-repeat":"repeat","background-position":"center center","background-size":"auto","background-attachment":"scroll","background-type":"","background-media":"","overlay-type":"","overlay-color":"","overlay-gradient":""}},"ast-content-background-meta":{"desktop":{"background-color":"var(--ast-global-color-5)","background-image":"","background-repeat":"repeat","background-position":"center center","background-size":"auto","background-attachment":"scroll","background-type":"","background-media":"","overlay-type":"","overlay-color":"","overlay-gradient":""},"tablet":{"background-color":"var(--ast-global-color-5)","background-image":"","background-repeat":"repeat","background-position":"center center","background-size":"auto","background-attachment":"scroll","background-type":"","background-media":"","overlay-type":"","overlay-color":"","overlay-gradient":""},"mobile":{"background-color":"var(--ast-global-color-5)","background-image":"","background-repeat":"repeat","background-position":"center center","background-size":"auto","background-attachment":"scroll","background-type":"","background-media":"","overlay-type":"","overlay-color":"","overlay-gradient":""}},"footnotes":""},"aioseo_notices":[],"_links":{"self":[{"href":"https:\/\/mediation-wittmann.de\/index.php\/wp-json\/wp\/v2\/pages\/15528"}],"collection":[{"href":"https:\/\/mediation-wittmann.de\/index.php\/wp-json\/wp\/v2\/pages"}],"about":[{"href":"https:\/\/mediation-wittmann.de\/index.php\/wp-json\/wp\/v2\/types\/page"}],"author":[{"embeddable":true,"href":"https:\/\/mediation-wittmann.de\/index.php\/wp-json\/wp\/v2\/users\/4"}],"replies":[{"embeddable":true,"href":"https:\/\/mediation-wittmann.de\/index.php\/wp-json\/wp\/v2\/comments?post=15528"}],"version-history":[{"count":28,"href":"https:\/\/mediation-wittmann.de\/index.php\/wp-json\/wp\/v2\/pages\/15528\/revisions"}],"predecessor-version":[{"id":15624,"href":"https:\/\/mediation-wittmann.de\/index.php\/wp-json\/wp\/v2\/pages\/15528\/revisions\/15624"}],"wp:attachment":[{"href":"https:\/\/mediation-wittmann.de\/index.php\/wp-json\/wp\/v2\/media?parent=15528"}],"curies":[{"name":"wp","href":"https:\/\/api.w.org\/{rel}","templated":true}]}}